*x**2 - 145*x**2 + 4*x + 2*x**3 + i. Calculate u(-2).
-21
Let t(l) = 3*l**3 - 17*l**2 + 8*l - 2. Let m(c) = 7*c**3 - 36*c**2 + 20*c - 3. Let b(v) = -2*m(v) + 5*t(v). What is b(13)?
-4
Let n be (-14)/35*(-3)/(12/20). Let i(c) = -3*c**3 + c**2 + 2*c - 3. What is i(n)?
-19
Let b(w) = -w**2 - 7*w - 9. Let g be (-3)/9 - (-70)/(-6). Let o = g - -7. Let p be (-112)/20 + 2/o. What is b(p)?
-3
Let d(y) = -3*y**2 + 7*y - 3. Let t(m) = -7*m**2 + 14*m - 6. Let h(j) = -9*d(j) + 4*t(j). What is h(-5)?
13
Let x(s) be the first derivative of s**6/120 - s**5/15 + s**4/12 + 2*s**2 - 2. Let n(q) be the second derivative of x(q). Let g be 4/10 - 88/(-55). Give n(g).
-4
Let z = -26 + 29. Let a be 3/(12/((-12)/z)). Let d(i) = 14*i**3 + i**2 + 2*i + 1. Give d(a).
-14
Let p = -145 + 143. Let h(k) be the third derivative of k**6/360 + k**5/40 + k**4/24 - k**2. Let m(w) be the second derivative of h(w). Calculate m(p).
-1
Let s be (-99)/15 - (9/15)/(-1). Let n(j) = j**2 + 7*j - 3. Determine n(s).
-9
Let f(l) = 13*l**2 + 0 - 2240*l + 2239*l + 1. What is f(1)?
13
Let l(o) be the third derivative of o**6/120 - o**5/5 - o**3/3 - 260*o**2. Determine l(12).
-2
Suppose 4*x - 24 = -30*t + 34*t, 0 = 2*x + 2*t - 24. Let m(j) = -8*j + 71. Give m(x).
-1
Let o = 121 - 111. Let x(i) = i**3 - 11*i**2 + 9*i + 4. Give x(o).
-6
Let i = 15 + -13. Let q(y) = -i + 4*y - 2*y - y + 3. Let h be 30/35*14/3. Determine q(h).
5
Suppose 2*m = 17 + 25. Let b = m + -15. Let o(d) be the first derivative of d**2 - 4*d + 13. Determine o(b).
8
Suppose -11*c - 50 = 16. Let o(m) = -3*m - 18. Determine o(c).
0
Let r(s) = -24 - 7*s + 51 - 16 - 14. What is r(-3)?
18
Let k(w) = 4 + 7*w - 5*w**2 - 11*w + 7*w + w**3 - 12*w. Determine k(6).
-14
Suppose 3*y + 3*u - 201 = -0*u, -300 = -4*y + 4*u. Let x = y - 65. Let o(b) = b**2 - 6*b + 1. What is o(x)?
1
Let q be (-3)/2*14/3. Let z(w) = w**3 + 6*w**2 - 7*w + 7. Determine z(q).
7
Let m(d) = 3*d**2 + 9 - 205*d + 204*d - 2*d**2. Give m(0).
9
Let f(a) = -5*a - 1. Suppose 0 = -10*l + 1 + 9. Determine f(l).
-6
Let g(j) = 4*j**2 - 21*j + 7. Let s(l) = l**2 + 11*l - 7. Let d(f) = f**2 + 22*f - 13. Let h(o) = -3*d(o) + 5*s(o). Let t(c) = -4*g(c) + 7*h(c). Give t(5).
-15
Let d(j) = -j**2 + 7*j + 0 - 6 - 2. What is d(7)?
-8
Suppose -2*l + 8 = -0. Let h(n) = n**2 + 10*n + 11. Let s be h(-9). Let d(m) = -3 + m**s + 0*m**2 + 4*m - 4*m - 2*m. What is d(l)?
5
Suppose -2*j - 229 = -219. Let k(w) = w**3 + 6*w**2 + 7*w + 3. Calculate k(j).
-7
Let v(d) = d**3 - 13*d**2 + 30*d + 11. Let c be v(10). Let a(f) = -3*f + 21. What is a(c)?
-12
Suppose -7*l - 21 - 7 = 0. Let x(v) = 14*v**3 - 16*v**2 + 11*v - 10. Let d(u) = -5*u**3 + 5*u**2 - 4*u + 3. Let h(f) = l*x(f) - 11*d(f). Give h(9).
7
Let z(x) = x**2 + x + 5. Let a be 0 + (-2)/(2/3). Let v be a/30*-5*(-3 - -3). Calculate z(v).
5
Let k(q) be the second derivative of 3*q**3/2 + q**2/2 - 54*q - 2. What is k(-1)?
-8
Suppose 5*f + 2*t + 20 = 6*t, 3*f - t = -5. Let i be (-4)/22 + 159/(-33) - f. Let r(v) = -v - 10. What is r(i)?
-5
Let q(w) = 3*w**2 + 0 + 5*w + 4 - 2*w**2 - w. Let h = 1 - -4. Let m be (4/h)/(1/(-5)). Calculate q(m).
4
Let y(k) = -6*k. Let a(p) = 12*p - 1. Let v(u) = 2*a(u) + 5*y(u). Let i(o) = o + 1. Let t(c) = 5*i(c) + v(c). Calculate t(-4).
7
Let d(q) = 2*q**3 + 21*q**2 + 7*q - 34. Let g be d(-10). Let u(s) be the third derivative of s**5/60 + s**4/8 + s**3/2 + s**2. Determine u(g).
7
Let w(o) = -16*o + 3. Suppose -4*p + t = 3 + 10, 2*t = 2. What is w(p)?
51
Let i(f) = 97*f**2 + 129*f**2 - 227*f**2 + 16*f + 62. Determine i(19).
5
Suppose -4*r + 203 = 5*s, 0*r = 2*r + 5*s - 99. Let c(v) = v**3 - r*v**2 + 5 - 2*v**3 + 54*v**2 + 4*v. What is c(4)?
-11
Suppose z = -3*n + 8, 2*z - z = 2*n - 7. Let r be n/(1 - 4)*-3. Suppose -4*u + 5 + r = 0. Let d(k) = k**3 - 2*k**2 + 2*k - 2. Determine d(u).
2
Let b(c) = 3*c**3 - 20*c**2 - 5*c - 16. Let z be b(7). Let h(m) = m + 2. What is h(z)?
0
Let r(b) = b**3 - 5*b**2 - 7*b - 7. Let c be r(7). Let y(q) = -1 - 7*q - 1 + 41*q**2 - c*q**2. What is y(-4)?
10
Let q(g) be the first derivative of -g**3/3 + 22*g - 1027. Give q(0).
22
Let h(l) = l**2 + 6*l + 8. Let z be (133/21 + -3)/(2/(-3)). Determine h(z).
3
Let y(i) be the third derivative of 17*i**4/24 + i**3/2 + 4*i**2. Let w(q) = -86*q - 16. Let h(k) = -2*w(k) - 11*y(k). Give h(-1).
14
Let g(d) be the second derivative of -d**3/6 + 7*d**2 + 5*d. Let v be g(6). Let m(q) = q - 1. Let r(k) = k - 1. Let y(h) = v*r(h) - 5*m(h). What is y(2)?
3
Let u(d) = -d**3 - d**2 + 2. Suppose 4*z - 21 = 3*g, 4*g - 3*z - 8 = -29. Give u(g).
20
Let w = -147 - -142. Let p(h) = -3*h - 7. Calculate p(w).
8
Let y = 3 - 8. Let k(n) be the first derivative of -3*n**2/2 + 5*n + 19. Determine k(y).
20
Let k(v) = 42*v + 31. Let x(u) = 15*u + 10. Let a(w) = 6*k(w) - 17*x(w). Determine a(9).
-11
Let d(u) = -u**3 + u**2 + 6*u - 11. Let g be d(-3). Let o be 0/(0 + (1 - 0)). Let j(x) = -10 + 0*x + x + o*x. Determine j(g).
-3
Let o(k) = k + 9. Let c be o(-9). Let g(f) = -f + 1 + c + f**2 + 2 - 2. Give g(2).
3
Let f(k) = 8*k**2 + k + 1. Let b be (-3 - (-2 + 1) - -2) + -1. Determine f(b).
8
Let z(d) = -5*d**3 + 0*d**3 + d - d**2 + 4*d**3. Let b be 68/6 + (-4)/12. Let y(m) = -m + 11. Let l be y(b). Determine z(l).
0
Suppose -3*n = -n - 132. Let x be 4/(-14) + n/(-14). Let c(z) be the third derivative of -z**6/120 - z**5/10 - z**4/4 - z**3 - 7*z**2. What is c(x)?
-1
Let p(f) = -2 + 2*f - 83*f**3 - 33*f**2 + 44*f**3 + 40*f**3 + 30*f**2. Let z be 0 - (-1)/(1/2). Determine p(z).
-2
Let j(g) be the second derivative of g**4/12 + 7*g**3/6 + 7*g**2/2 + 55*g + 3. Let q = -12 + 7. What is j(q)?
-3
Let c be (256/48)/((-2)/(-3)). Suppose -s - 2 = -3*l - c, 0 = 4*l + 8. Let i(o) = 3*o - o**2 + s*o**2 + 13 - 3*o**2 - 14 + o**3. What is i(3)?
-1
Suppose 147*q - 163*q = 224. Let i(f) = -2*f - 6. What is i(q)?
22
Let t(z) be the second derivative of -z**4/12 - 5*z**3/6 - z**2 + z - 19. Let v be ((-3)/9)/(2/(-18)). Suppose -f + 3*q = 9 + 8, -2*f = v*q - 11. Give t(f).
4
Let q(z) = -2*z + 3. Let w(l) = -1. Let i(y) = q(y) + 5*w(y). Let m(k) = -5*k**2 - 19*k - 14. Let p be m(-8). Let a = 175 + p. What is i(a)?
12
Let s(k) = -k**2 - 2*k + 12. Let m be s(-4). Suppose 3*f = -c - m, 5*f + 6 = 2*c - 8. Let b(p) = 2*p**2 - 2*p - 1. What is b(c)?
3
Let n(h) be the third derivative of h**8/6720 + h**7/2520 - h**6/240 + h**5/120 + 3*h**4/4 - 18*h**2. Let k(a) be the second derivative of n(a). What is k(-3)?
-8
Let k(g) = -2*g**3 + 6*g**2 - 3*g + 3. Let b(n) = -29*n - 315. Let x be b(-11). Determine k(x).
-41
Let b(d) = -2*d + 5. Let c(i) = i**3 + 16*i**2 - 32*i + 76. Let w be c(-18). What is b(w)?
-3
Let s(h) = h**3 + 2*h**2 - h - 1. Suppose -2*m + 99 = 2*m + 3*o, 38 = 3*m - 5*o. Suppose 3*r - m = 5*f, -2*r + 4*r - 7 = f. Give s(r).
13
Let p(u) be the second derivative of u**5/20 + u**4/6 - 5*u**3/6 + u**2/2 - 85*u + 30. Suppose 0 = -0*g + 4*g + 16. Calculate p(g).
-11
Let s(r) = r + 3. Suppose 202*k + 42 = 209*k. Give s(k).
9
Let j(z) = 16*z - 2. Let h(u) = -61*u + 9. Let c(a) = -h(a) - 4*j(a). Let p(m) = m**2 + 6*m + 7. Let x be p(-5). Give c(x).
-7
Let i(b) = -5*b**3 + 10*b**2 - 9*b - 2. Let c(y) = y**3 - y**2 + y. Let a(g) = -g - 1. Let k be a(3). Let f(o) = k*c(o) - i(o). Give f(5).
2
Suppose 144 = -24*g - 0. Let r(y) be the third derivative of y**6/120 + 7*y**5/60 + 5*y**4/24 - y**3 + y**2. Give r(g).
0
Let s(r) = -r - 2216372 + 0*r + 2216368. Suppose 0 = v + 4*t + 1, -4*v + 68 = -t - t. Suppose -p - 3*p - 21 = 3*u, p + 4*u = -v. Calculate s(p).
-1
Let l(r) = 5*r + 3*r**2 - r - 2*r**2 + 5. Let f(d) = 19*d - 5. Let c be f(0). Calculate l(c).
10
Let o(s) be the second derivative of s**4/12 + 5*s**3/6 + 2*s**2 + 33*s. Suppose 0 = -2*y + 5 - 15. Give o(y).
4
Let u(l) = 3*l**3 - 3*l**2 - 4*l + 1. Let d(w) = -7*w**3 + 6*w**2 + 8*w - 3. Let m(f) = 2*d(f) + 5*u(f). Give m(5).
29
Let n(r) = 12*r**2 - 1. Let i be n(1). Let f(d) = d - 9. What is f(i)?
2
Let v(g) = -g**3 - 4*g**2 - 5*g - 2. Suppose 54 = -2*y - 3*u - 16, 0 = 5*y + 3*u + 193. Let m = y + 38. Give v(m).
4
Let d(t) = 2*t. Suppose -6*p = -4*p - 3*p. Calculate d(p).
0
Let p = -382 - -377. Let g(x) = -2*x - 9. Determine g(p).
1
Let v be 4/(-4*4/(-8)). Let r(d) = -4*d - d**2 + 2*d + 4 + 3*d**v - 3*d**2. Calculate r(-4).
-4
Let c(q) = -5*q**3 - 6*q*